{"id":434,"date":"2024-07-25T14:28:06","date_gmt":"2024-07-25T14:28:06","guid":{"rendered":"https:\/\/sites.generatepress.com\/harmony\/?page_id=10"},"modified":"2025-04-16T13:58:48","modified_gmt":"2025-04-16T13:58:48","slug":"home","status":"publish","type":"page","link":"https:\/\/horeca.dallmayr.hu\/","title":{"rendered":"Home"},"content":{"rendered":"\n<div class=\"gb-element-5ba50449\"><\/div>\n\n\n\n<div class=\"gb-element-95b690d2\">\n<h2 class=\"gb-text gb-text-32c23433\">Dallmayr a vend\u00e9gl\u00e1t\u00f3ipar szolg\u00e1lat\u00e1ban<\/h2>\n\n\n\n<p id=\"kapcsform\"><\/p>\n<\/div>\n\n\n\n<div class=\"gbp-section gb-element-e7d8d9b3\">\n<div class=\"gbp-section__inner gb-element-e760e16f\">\n<div class=\"gb-element-73b31bc1\">\n<h2 class=\"gb-text gbp-section__headline gb-text-072f4a21\">Dallmayr HORECA: Kiv\u00e1l\u00f3 szolg\u00e1ltat\u00e1s. Eleg\u00e1ns megold\u00e1s.<\/h2>\n\n\n\n<div class=\"gb-text gbp-section__text gb-text-7f3def62\">Szeretn\u00e9nk seg\u00edteni \u00d6nnek, hogy t\u00falsz\u00e1rnyalja az \u00fcgyfelek elv\u00e1r\u00e1sait, \u00e9s megk\u00f6nny\u00edtse mindennapi \u00fczlet\u00e9t.<\/div>\n\n\n\n<div class=\"gb-text gbp-section__text gb-text-fc665810\">Legyen sz\u00f3 egy kicsi \u00e9s eleg\u00e1ns bisztr\u00f3r\u00f3l, egy nemzetk\u00f6zileg elismert sz\u00e1llod\u00e1r\u00f3l vagy egy modern k\u00e1v\u00e9z\u00f3r\u00f3l, kifejezetten az \u00d6n ig\u00e9nyeinek megfelel\u0151en gondoskodunk a szolg\u00e1ltat\u00e1sr\u00f3l.<\/div>\n\n\n\n<div class=\"gb-text gbp-section__text gb-text-926a8d63\">Rengeteg tapasztalattal rendelkez\u00fcnk a k\u00e1v\u00e9babt\u00f3l a Vending &amp; Office szolg\u00e1ltat\u00e1sokig. T\u00f6bb mint 50 \u00e9ve dolgozunk j\u00f3l ismert g\u00e9pgy\u00e1rt\u00f3kkal. Tudjuk, hogy mely g\u00e9pek a legjobbak az egyes feladatokra \u00e9s tan\u00e1csot adhatunk minden ter\u00fcleten. A k\u00e9nyelmes automata g\u00e9pekt\u0151l az ikonikus karos eszpressz\u00f3g\u00e9pekig. Mindezt ak\u00e1r az \u00d6n sz\u00e1m\u00e1ra megfelel\u0151 finansz\u00edroz\u00e1si modellben is.<\/div>\n\n\n\n<div class=\"gb-text gbp-section__text\">Szerviz szolg\u00e1ltat\u00e1sunk ellen\u0151rzi, hogy a k\u00e1v\u00e9g\u00e9p megfelel\u0151en van-e be\u00e1ll\u00edtva, \u00e9s tippeket ad \u00f6nnek, hogy a legt\u00f6bbet hozza ki minden cs\u00e9sze k\u00e1v\u00e9b\u00f3l \u2013 mind vizu\u00e1lisan, mind \u00edzben. A helysz\u00ednen megl\u00e1togatjuk \u00d6nt, amikor sz\u00fcks\u00e9ge van r\u00e1nk.<\/div>\n<\/div>\n\n\n\n<div class=\"gb-element-7b03c42c image-container\">\n<div class=\"gb-element-675c4706\">\n<h4 class=\"gb-text\">H\u00edvja ingyenes forr\u00f3dr\u00f3tunkat: <a href=\"tel:3612971100\">+36-1-297-1100<\/a>, vagy ha k\u00e9nyelmesebb, k\u00fcldj\u00f6n nek\u00fcnk egy \u00fczenetet az al\u00e1bbi \u0171rlap seg\u00edts\u00e9g\u00e9vel:<\/h4>\n\n\n<div class='fluentform ff-default fluentform_wrapper_1  ff_guten_block ffs_default_wrap'><form data-form_id=\"1\" id=\"fluentform_1\" class=\"frm-fluent-form fluent_form_1 ff-el-form-top ff_form_instance_1_1 ff-form-loading ffs_default\" data-form_instance=\"ff_form_instance_1_1\" method=\"POST\" ><fieldset  style=\"border: none!important;margin: 0!important;padding: 0!important;background-color: transparent!important;box-shadow: none!important;outline: none!important; min-inline-size: 100%;\">\n                    <legend class=\"ff_screen_reader_title\" style=\"display: block; margin: 0!important;padding: 0!important;height: 0!important;text-indent: -999999px;width: 0!important;overflow:hidden;\">Dallmayr Horeca kontakt form<\/legend><input type='hidden' name='__fluent_form_embded_post_id' value='434' \/><input type=\"hidden\" id=\"_fluentform_1_fluentformnonce\" name=\"_fluentform_1_fluentformnonce\" value=\"e569c34615\" \/><input type=\"hidden\" name=\"_wp_http_referer\" value=\"\/index.php\/wp-json\/wp\/v2\/pages\/434\" \/><div data-type=\"name-element\" data-name=\"names\" class=\" ff-field_container ff-name-field-wrapper\" ><div class='ff-t-container'><div class='ff-t-cell '><div class='ff-el-group  ff-el-form-hide_label'><div class=\"ff-el-input--label ff-el-is-required asterisk-right\"><label for='ff_1_names_first_name_' >Vezet\u00e9kn\u00e9v<\/label><\/div><div class='ff-el-input--content'><input type=\"text\" name=\"names[first_name]\" id=\"ff_1_names_first_name_\" class=\"ff-el-form-control\" placeholder=\"Vezet\u00e9kn\u00e9v*\" aria-invalid=\"false\" aria-required=true><\/div><\/div><\/div><div class='ff-t-cell '><div class='ff-el-group  ff-el-form-hide_label'><div class=\"ff-el-input--label ff-el-is-required asterisk-right\"><label for='ff_1_names_last_name_' >Keresztn\u00e9v<\/label><\/div><div class='ff-el-input--content'><input type=\"text\" name=\"names[last_name]\" id=\"ff_1_names_last_name_\" class=\"ff-el-form-control\" placeholder=\"Keresztn\u00e9v*\" aria-invalid=\"false\" aria-required=true><\/div><\/div><\/div><\/div><\/div><div data-name=\"ff_cn_id_1\"  class='ff-t-container ff-column-container ff_columns_total_2  '><div class='ff-t-cell ff-t-column-1' style='flex-basis: 50%;'><div class='ff-el-group ff-el-form-hide_label'><div class=\"ff-el-input--label ff-el-is-required asterisk-right\"><label for='ff_1_email' aria-label=\"Email\">Email<\/label><\/div><div class='ff-el-input--content'><input type=\"email\" name=\"email\" id=\"ff_1_email\" class=\"ff-el-form-control\" placeholder=\"E-mail c\u00edm*\" data-name=\"email\"  aria-invalid=\"false\" aria-required=true><\/div><\/div><\/div><div class='ff-t-cell ff-t-column-2' style='flex-basis: 50%;'><div class='ff-el-group ff-el-form-hide_label'><div class=\"ff-el-input--label ff-el-is-required asterisk-right\"><label for='ff_1_phone_1' aria-label=\"Telefon\">Telefon<\/label><\/div><div class='ff-el-input--content'><input name=\"phone_1\" class=\"ff-el-form-control ff-el-phone ff_el_with_extended_validation\" type=\"tel\" placeholder=\"Telefonsz\u00e1m*\" data-name=\"phone_1\" id=\"ff_1_phone_1\" inputmode=\"tel\"  aria-invalid='false' aria-required=true><\/div><\/div><\/div><\/div><div class='ff-el-group ff-el-form-hide_label'><div class=\"ff-el-input--label ff-el-is-required asterisk-right\"><label for='ff_1_input_text' aria-label=\"C\u00e9g\">C\u00e9g<\/label><\/div><div class='ff-el-input--content'><input type=\"text\" name=\"input_text\" class=\"ff-el-form-control\" placeholder=\"C\u00e9gn\u00e9v*\" data-name=\"input_text\" id=\"ff_1_input_text\"  aria-invalid=\"false\" aria-required=true><\/div><\/div><div class=\"ff-name-address-wrapper fluent-address\" data-type=\"address-element\" data-name=\"address_1\" ><div class='ff-el-input--content'><div class='ff-t-container'><div class='ff-t-cell'><div class='ff-el-group ff-el-form-hide_label'><div class=\"ff-el-input--label ff-el-is-required asterisk-right\"><label for='ff_1_address_1_zip_' aria-label=\"Ir\u00e1ny\u00edt\u00f3sz\u00e1m\">Ir\u00e1ny\u00edt\u00f3sz\u00e1m<\/label><\/div><div class='ff-el-input--content'><input type=\"text\" name=\"address_1[zip]\" id=\"ff_1_address_1_zip_\" class=\"ff-el-form-control\" placeholder=\"Ir\u00e1ny\u00edt\u00f3sz\u00e1m*\" data-key_name=\"zip\"  aria-invalid=\"false\" aria-required=true><\/div><\/div><\/div><div class='ff-t-cell'><div class='ff-el-group ff-el-form-hide_label'><div class=\"ff-el-input--label ff-el-is-required asterisk-right\"><label for='ff_1_address_1_city_' aria-label=\"V\u00e1ros\">V\u00e1ros<\/label><\/div><div class='ff-el-input--content'><input type=\"text\" name=\"address_1[city]\" id=\"ff_1_address_1_city_\" class=\"ff-el-form-control\" placeholder=\"V\u00e1ros*\" data-key_name=\"city\"  aria-invalid=\"false\" aria-required=true><\/div><\/div><\/div><\/div><\/div><\/div><div class='ff-el-group ff-el-form-hide_label'><div class=\"ff-el-input--label ff-el-is-required asterisk-right\"><label for='ff_1_message' aria-label=\"\u00dczenet\">\u00dczenet<\/label><\/div><div class='ff-el-input--content'><textarea aria-invalid=\"false\" aria-required=true name=\"message\" id=\"ff_1_message\" class=\"ff-el-form-control\" placeholder=\"Az \u00f6n \u00fczenete\" rows=\"4\" cols=\"2\" data-name=\"message\" ><\/textarea><\/div><\/div><div class='ff-el-group    ff-el-input--content'><div class='ff-el-form-check ff-el-tc'><label aria-label='Terms and Conditions: Elolvastam \u00e9s elfogadom az Adatkezel\u00e9si t\u00e1j\u00e9koztat\u00f3t. Contains 1 link. Use tab navigation to review.' class='ff-el-form-check-label ff_tc_label' for=gdpr-agreement_26e228392556bfb6eae9b669cb2bf5d2><span class='ff_tc_checkbox'><input type=\"checkbox\" name=\"gdpr-agreement\" class=\"ff-el-form-check-input ff_gdpr_field\" data-name=\"gdpr-agreement\" id=\"gdpr-agreement_26e228392556bfb6eae9b669cb2bf5d2\"  value='on' aria-invalid='false' aria-required=true><\/span> <div class='ff_t_c'>Elolvastam \u00e9s elfogadom az <a rel=\"noopener\" href=\"https:\/\/dallmayrshop.hu\/ugyfelportal\/pub\/media\/wysiwyg\/Adatkezele_si_ta_je_koztato__u_gyfe_l_re_sze_re_Alois_Dallmayr_Automaten-Service_Bt.pdf\" target=\"_blank\">Adatkezel\u00e9si t\u00e1j\u00e9koztat\u00f3t<\/a>.<\/div><\/label><\/div><\/div><div class='ff-el-group ff-text-left ff_submit_btn_wrapper'><button type=\"submit\" class=\"ff-btn ff-btn-submit ff-btn-lg ff_btn_style wpf_has_custom_css\" >K\u00dcLD\u00c9S<\/button><\/div><\/fieldset><\/form><div id='fluentform_1_errors' class='ff-errors-in-stack ff_form_instance_1_1 ff-form-loading_errors ff_form_instance_1_1_errors'><\/div><\/div>        <script type=\"text\/javascript\">\n            window.fluent_form_ff_form_instance_1_1 = {\"id\":\"1\",\"settings\":{\"layout\":{\"labelPlacement\":\"top\",\"helpMessagePlacement\":\"with_label\",\"errorMessagePlacement\":\"inline\",\"cssClassName\":\"\",\"asteriskPlacement\":\"asterisk-right\"},\"restrictions\":{\"denyEmptySubmission\":{\"enabled\":false}}},\"form_instance\":\"ff_form_instance_1_1\",\"form_id_selector\":\"fluentform_1\",\"rules\":{\"names[first_name]\":{\"required\":{\"value\":true,\"message\":\"Ez egy k\\u00f6telez\\u0151 mez\\u0151\",\"global\":true,\"global_message\":\"Ez egy k\\u00f6telez\\u0151 mez\\u0151\"}},\"names[middle_name]\":{\"required\":{\"value\":false,\"message\":\"This field is required\",\"global\":false,\"global_message\":\"Ez egy k\\u00f6telez\\u0151 mez\\u0151\"}},\"names[last_name]\":{\"required\":{\"value\":true,\"message\":\"Ez egy k\\u00f6telez\\u0151 mez\\u0151\",\"global\":true,\"global_message\":\"Ez egy k\\u00f6telez\\u0151 mez\\u0151\"}},\"email\":{\"required\":{\"value\":true,\"message\":\"This field is required\",\"global\":false,\"global_message\":\"Ez egy k\\u00f6telez\\u0151 mez\\u0151\"},\"email\":{\"value\":true,\"message\":\"A mez\\u0151nek \\u00e9rv\\u00e9nyes emailc\\u00edmet kell tartalmaznia\",\"global\":true,\"global_message\":\"A mez\\u0151nek \\u00e9rv\\u00e9nyes emailc\\u00edmet kell tartalmaznia\"}},\"phone_1\":{\"required\":{\"value\":true,\"global\":true,\"message\":\"Ez egy k\\u00f6telez\\u0151 mez\\u0151\",\"global_message\":\"Ez egy k\\u00f6telez\\u0151 mez\\u0151\"},\"valid_phone_number\":{\"value\":true,\"global\":true,\"message\":\"A telefonsz\\u00e1m nem \\u00e9rv\\u00e9nyes\",\"global_message\":\"A telefonsz\\u00e1m nem \\u00e9rv\\u00e9nyes\"}},\"input_text\":{\"required\":{\"value\":true,\"message\":\"Ez egy k\\u00f6telez\\u0151 mez\\u0151\",\"global_message\":\"Ez egy k\\u00f6telez\\u0151 mez\\u0151\",\"global\":true}},\"address_1[address_line_1]\":{\"required\":{\"value\":false,\"message\":\"Ez egy k\\u00f6telez\\u0151 mez\\u0151\",\"global_message\":\"Ez egy k\\u00f6telez\\u0151 mez\\u0151\",\"global\":true}},\"address_1[address_line_2]\":{\"required\":{\"value\":false,\"message\":\"Ez egy k\\u00f6telez\\u0151 mez\\u0151\",\"global_message\":\"Ez egy k\\u00f6telez\\u0151 mez\\u0151\",\"global\":true}},\"address_1[city]\":{\"required\":{\"value\":true,\"message\":\"Ez egy k\\u00f6telez\\u0151 mez\\u0151\",\"global_message\":\"Ez egy k\\u00f6telez\\u0151 mez\\u0151\",\"global\":true}},\"address_1[state]\":{\"required\":{\"value\":false,\"message\":\"Ez egy k\\u00f6telez\\u0151 mez\\u0151\",\"global_message\":\"Ez egy k\\u00f6telez\\u0151 mez\\u0151\",\"global\":true}},\"address_1[zip]\":{\"required\":{\"value\":true,\"message\":\"Ez egy k\\u00f6telez\\u0151 mez\\u0151\",\"global_message\":\"Ez egy k\\u00f6telez\\u0151 mez\\u0151\",\"global\":true}},\"address_1[country]\":{\"required\":{\"value\":false,\"message\":\"Ez egy k\\u00f6telez\\u0151 mez\\u0151\",\"global_message\":\"Ez egy k\\u00f6telez\\u0151 mez\\u0151\",\"global\":true}},\"message\":{\"required\":{\"value\":true,\"message\":\"Ez egy k\\u00f6telez\\u0151 mez\\u0151\",\"global\":true,\"global_message\":\"Ez egy k\\u00f6telez\\u0151 mez\\u0151\"}},\"gdpr-agreement\":{\"required\":{\"value\":true,\"message\":\"Ez egy k\\u00f6telez\\u0151 mez\\u0151\",\"global_message\":\"Ez egy k\\u00f6telez\\u0151 mez\\u0151\",\"global\":true}}},\"debounce_time\":300};\n                    <\/script>\n        <\/div>\n<\/div>\n<\/div>\n<\/div>\n\n\n\n<div class=\"gbp-section gb-element-860fbb26\">\n<div class=\"gbp-section__inner gb-element-e5741fea\">\n<div class=\"gb-element-c618bf4b\">\n<h2 class=\"gb-text gb-text-8bd341ee\">Dallmayr HORECA: Er\u0151ss\u00e9geink<\/h2>\n<\/div>\n\n\n\n<div class=\"gb-element-b873094b image-container\">\n<ul class=\"wp-block-list has-base-3-color has-text-color has-link-color wp-elements-5d6380abbff93d14a4a8b2924a11ed61\">\n<li>Teljesk\u00f6r\u0171 szak\u00e9rt\u0151i szolg\u00e1ltat\u00e1s \u2013 k\u00e1v\u00e9k, te\u00e1k, kieg\u00e9sz\u00edt\u0151k \u00e9s a term\u00e9kek k\u00e9sz\u00edt\u00e9s\u00e9hez sz\u00fcks\u00e9ges horeca g\u00e9pek \u00e9s eszk\u00f6z\u00f6k<\/li>\n\n\n\n<li>360\u00b0-os t\u00e1mogat\u00e1s \u2013 ig\u00e9nyfelm\u00e9r\u00e9s, szem\u00e9lyre szabott aj\u00e1nlat k\u00e9sz\u00edt\u00e9se, g\u00e9pkihelyez\u00e9s, term\u00e9ksz\u00e1ll\u00edt\u00e1s, g\u00e9pkarbantart\u00e1s, professzion\u00e1lis saj\u00e1t, orsz\u00e1gos szervizh\u00e1l\u00f3zattal \u00e9s \u00fcgyf\u00e9lszolg\u00e1lattal<\/li>\n\n\n\n<li>Szeretne automata vagy karos k\u00e1v\u00e9g\u00e9pet? Az \u00d6n egyedi ig\u00e9nyeihez igaz\u00edtott finansz\u00edroz\u00e1si modelleket k\u00edn\u00e1lunk.<\/li>\n\n\n\n<li>Egy\u00e9ni konzult\u00e1ci\u00f3 \u00e9s k\u00f3stol\u00f3 partnereinkn\u00e9l, vagy region\u00e1lis k\u00f6zpontjaikban<\/li>\n\n\n\n<li>Dallmayr Akad\u00e9mia k\u00e9pz\u00e9sek partnereink munkat\u00e1rsai sz\u00e1m\u00e1ra<\/li>\n\n\n\n<li>Korszer\u0171 technikai t\u00e1mogat\u00e1s, telemetri\u00e1val \u00e9s online fel\u00fcgyelettel&nbsp;<\/li>\n<\/ul>\n<\/div>\n<\/div>\n<\/div>\n\n\n\n<div class=\"gbp-section gb-element-2d7f9b42\">\n<div class=\"gbp-section__inner gb-element-2e9fc84f\">\n<div class=\"gb-element-b67d4868\">\n<h2 class=\"gb-text gbp-section__headline\">Dallmayr HORECA: Testreszabott megold\u00e1s az \u00d6n sz\u00e1m\u00e1ra<\/h2>\n\n\n\n<img loading=\"lazy\" decoding=\"async\" width=\"511\" height=\"275\" class=\"gb-media-7ab6b346\" src=\"https:\/\/horeca.dallmayr.hu\/wp-content\/uploads\/2025\/02\/98f604bd5f2a8c253572d500a7d36e0a.png\" title=\"98f604bd5f2a8c253572d500a7d36e0a\" srcset=\"https:\/\/horeca.dallmayr.hu\/wp-content\/uploads\/2025\/02\/98f604bd5f2a8c253572d500a7d36e0a.png 511w, https:\/\/horeca.dallmayr.hu\/wp-content\/uploads\/2025\/02\/98f604bd5f2a8c253572d500a7d36e0a-300x161.png 300w\" sizes=\"auto, (max-width: 511px) 100vw, 511px\" \/>\n<\/div>\n\n\n\n<div class=\"gb-element-99611aac image-container\">\n<p class=\"gb-text\">Az \u00e9lvezet a pillanatr\u00f3l sz\u00f3l \u2013 amelyre sok\u00e1ig eml\u00e9kez\u00fcnk. Legyen sz\u00f3 \u00e9tteremr\u0151l, k\u00e1v\u00e9z\u00f3r\u00f3l, p\u00e9ks\u00e9gr\u0151l vagy sz\u00e1llod\u00e1r\u00f3l, legyen egyhelyben vagy \u00fatk\u00f6zben, mi ide\u00e1lis megold\u00e1st ny\u00fajtunk v\u00e1llalkoz\u00e1s\u00e1hoz \u2013 bele\u00e9rtve a filteres-, a teljesen automatikus-, \u00e9s a karos k\u00e1v\u00e9g\u00e9peket. Professzion\u00e1lis haszn\u00e1latra k\u00edn\u00e1lunk sz\u00e1mtalan k\u00e1v\u00e9- \u00e9s teak\u00fcl\u00f6nlegess\u00e9get. HORECA szolg\u00e1ltat\u00e1sunkat egyedi \u00e9s testreszabott kieg\u00e9sz\u00edt\u0151 felszerel\u00e9sek teszik teljess\u00e9. \u00d6r\u00f6mmel seg\u00edt\u00fcnk megtal\u00e1lni a v\u00e1llalkoz\u00e1sa sz\u00e1m\u00e1ra legmegfelel\u0151bb \u00fczleti megold\u00e1st.<\/p>\n\n\n\n<p class=\"gb-text\">A Dallmayr csal\u00e1dhoz a k\u00f6vetkez\u0151 m\u00e1rk\u00e1k tartoznak:<br><strong>Dallmayr, Dallmayr capsa, Allegretto, Heimbs, IO, Azul, KEO<\/strong><\/p>\n<\/div>\n<\/div>\n<\/div>\n\n\n\n<div class=\"gbp-section gb-element-fd3a4455\">\n<div class=\"gb-element-22a5ff37\">\n<div class=\"gb-element-5adaf635\">\n<h2 class=\"gb-text gbp-section__headline gb-text-8eb076ea\"><strong>Dallmayr HORECA:<\/strong> Inspir\u00e1lja a vend\u00e9geit \u00e9s n\u00f6velje az \u00e9rt\u00e9kes\u00edt\u00e9st!<\/h2>\n\n\n\n<p class=\"gb-text\">\u00d6tletekkel \u00e9s term\u00e9kekkel \u2013 olyan v\u00e1ltozatos, mint maga a vend\u00e9gl\u00e1t\u00f3ipari szektor<\/p>\n\n\n\n<p class=\"gb-text\">Filterk\u00e1v\u00e9 a sz\u00e1llod\u00e1k r\u00e9sz\u00e9re. Bio eszpressz\u00f3 a k\u00e1v\u00e9z\u00f3ban. Jeges tea elvitelre. B\u00e1rmik legyenek is vend\u00e9gl\u00e1t\u00f3ipari \u00fczlete ig\u00e9nyei, mi tan\u00e1csot adunk a t\u00f6k\u00e9letes el\u0151k\u00e9sz\u00edt\u00e9shez \u00e9s emellett megfelel\u0151 kieg\u00e9sz\u00edt\u0151ket \u00e9s kreat\u00edv recept\u00f6tleteket biztos\u00edtunk. Nem csak azt mutatjuk meg \u00f6r\u00f6mmel, hogyan kell \u00edzletes italokat felszolg\u00e1lni, hanem azt is, hogyan lehet megteremteni az ide\u00e1lis k\u00f6rnyezetet vend\u00e9gei sz\u00e1m\u00e1ra, hogy kifog\u00e1stalan \u00f6sszhat\u00e1sban lehessen r\u00e9sz\u00fck. Egy j\u00f3 ok arra, hogy \u00fcgyfelei visszat\u00e9rjenek.<\/p>\n\n\n\n<a class=\"gb-text gb-text-8b44d1be\" href=\"https:\/\/dallmayrshop.hu\/horeca\" target=\"_blank\" rel=\"noopener\">TOV\u00c1BBI Inspir\u00e1ci\u00f3k k\u00e1v\u00e9z\u00f3knAk, \u00e9ttermeknek, sz\u00e1llod\u00e1knak, p\u00e9ks\u00e9geknek.<\/a>\n<\/div>\n<\/div>\n\n\n\n<div class=\"hero-image-fit gb-element-3306cdf0\">\n<img loading=\"lazy\" decoding=\"async\" width=\"1920\" height=\"1920\" class=\"gb-media-a7c93c55\" src=\"https:\/\/horeca.dallmayr.hu\/wp-content\/uploads\/2025\/02\/2-1920px.jpg\" title=\"N\u00e9vtelen terv - 2\" srcset=\"https:\/\/horeca.dallmayr.hu\/wp-content\/uploads\/2025\/02\/2-1920px.jpg 1920w, https:\/\/horeca.dallmayr.hu\/wp-content\/uploads\/2025\/02\/2-1920px-300x300.jpg 300w, https:\/\/horeca.dallmayr.hu\/wp-content\/uploads\/2025\/02\/2-1920px-1024x1024.jpg 1024w, https:\/\/horeca.dallmayr.hu\/wp-content\/uploads\/2025\/02\/2-1920px-150x150.jpg 150w, https:\/\/horeca.dallmayr.hu\/wp-content\/uploads\/2025\/02\/2-1920px-768x768.jpg 768w, https:\/\/horeca.dallmayr.hu\/wp-content\/uploads\/2025\/02\/2-1920px-1536x1536.jpg 1536w\" sizes=\"auto, (max-width: 1920px) 100vw, 1920px\" \/>\n<\/div>\n<\/div>\n","protected":false},"excerpt":{"rendered":"<p>Dallmayr a vend\u00e9gl\u00e1t\u00f3ipar szolg\u00e1lat\u00e1ban Dallmayr HORECA: Kiv\u00e1l\u00f3 szolg\u00e1ltat\u00e1s. Eleg\u00e1ns megold\u00e1s. Szeretn\u00e9nk seg\u00edteni \u00d6nnek, hogy t\u00falsz\u00e1rnyalja az \u00fcgyfelek elv\u00e1r\u00e1sait, \u00e9s megk\u00f6nny\u00edtse mindennapi \u00fczlet\u00e9t. Legyen sz\u00f3 egy kicsi \u00e9s eleg\u00e1ns bisztr\u00f3r\u00f3l, egy nemzetk\u00f6zileg elismert sz\u00e1llod\u00e1r\u00f3l vagy egy modern k\u00e1v\u00e9z\u00f3r\u00f3l, kifejezetten az \u00d6n ig\u00e9nyeinek megfelel\u0151en gondoskodunk a szolg\u00e1ltat\u00e1sr\u00f3l. Rengeteg tapasztalattal rendelkez\u00fcnk a k\u00e1v\u00e9babt\u00f3l a Vending &amp; Office szolg\u00e1ltat\u00e1sokig. &#8230; <a title=\"Home\" class=\"read-more\" href=\"https:\/\/horeca.dallmayr.hu\/\" aria-label=\"Read more about Home\">Olvass tov\u00e1bb<\/a><\/p>\n","protected":false},"author":1,"featured_media":0,"parent":0,"menu_order":0,"comment_status":"closed","ping_status":"closed","template":"","meta":{"footnotes":""},"class_list":["post-434","page","type-page","status-publish"],"_links":{"self":[{"href":"https:\/\/horeca.dallmayr.hu\/index.php\/wp-json\/wp\/v2\/pages\/434","targetHints":{"allow":["GET"]}}],"collection":[{"href":"https:\/\/horeca.dallmayr.hu\/index.php\/wp-json\/wp\/v2\/pages"}],"about":[{"href":"https:\/\/horeca.dallmayr.hu\/index.php\/wp-json\/wp\/v2\/types\/page"}],"author":[{"embeddable":true,"href":"https:\/\/horeca.dallmayr.hu\/index.php\/wp-json\/wp\/v2\/users\/1"}],"replies":[{"embeddable":true,"href":"https:\/\/horeca.dallmayr.hu\/index.php\/wp-json\/wp\/v2\/comments?post=434"}],"version-history":[{"count":79,"href":"https:\/\/horeca.dallmayr.hu\/index.php\/wp-json\/wp\/v2\/pages\/434\/revisions"}],"predecessor-version":[{"id":762,"href":"https:\/\/horeca.dallmayr.hu\/index.php\/wp-json\/wp\/v2\/pages\/434\/revisions\/762"}],"wp:attachment":[{"href":"https:\/\/horeca.dallmayr.hu\/index.php\/wp-json\/wp\/v2\/media?parent=434"}],"curies":[{"name":"wp","href":"https:\/\/api.w.org\/{rel}","templated":true}]}}